 -4*s - 2, 5*s + 2 + 3 = -5*t. Let n = s + 3. Calculate y(n).
-2
Let j(l) = -1. Suppose g + 0 = -z + 3, -5*z - 35 = -5*g. Let f(b) = b**3 + 5*b**2 - 6*b + 2. Let y(s) = z*j(s) + f(s). Determine y(-6).
4
Suppose 0 = 83*k - 82*k - 7. Let l(z) = z**3 - 6*z**2 - 8*z + 3. What is l(k)?
-4
Let m(a) = -a + 63. Let g(n) = -32. Let i(q) = -5*g(q) - 2*m(q). Let j be i(-17). Let v(d) = d + 2. Calculate v(j).
2
Suppose 4*p + 22 = w + 2*w, 5*w + 6 = -4*p. Let z(o) = 4*o + 2 - 3*o**2 + o - 3*o**3 + w*o**3. Let l = 831 - 835. Calculate z(l).
-2
Let r(i) = -i**2 - 3*i + 2. Suppose -8 - 55 = 9*k. Determine r(k).
-26
Let j(o) be the first derivative of -o**3/3 - 5*o + 34. What is j(4)?
-21
Let y be (-2)/8 - (-9)/(-12). Let m(s) = -6*s**3 + s + 2. Let w(g) = 13*g**3 + g**2 - 2*g - 5. Let t(b) = 5*m(b) + 2*w(b). What is t(y)?
5
Let j = -143 - -158. Let q(c) = -2*c - 11 + 50 - 19 - j. Give q(4).
-3
Suppose 20 = -229*d + 239*d. Let f(h) be the first derivative of -7 - h + 1/3*h**3 + 0*h**d. Calculate f(-2).
3
Let r(o) = -2*o**2 - o - 1. Let t(d) = -13*d**2 - 11*d - 12. Let z(n) = -6*r(n) + t(n). Let v be (-68)/18 + (-2)/9. What is z(v)?
-2
Let y(k) be the second derivative of k**5/60 - k**4/8 - 5*k**3/6 + 51*k**2/2 + 51*k. Let p(v) be the first derivative of y(v). Calculate p(5).
5
Let s(n) be the third derivative of n**6/360 + 7*n**5/120 + 7*n**4/24 - 7*n**3/3 - 11*n**2. Let u(q) be the first derivative of s(q). Give u(-5).
-3
Let v(n) = 3 + 5*n**2 + 3396*n - 3399*n - 4*n**2. Give v(4).
7
Let m(k) = 2*k + 6. Suppose -39 - 13 = -2*p. Let n be (6/3)/(2/22). Let s = n - p. Give m(s).
-2
Let u(r) = -29*r + 514. Let b be u(18). Let t(n) = n**2 + 4*n - 12. What is t(b)?
20
Suppose 17 = 3*d + 2*o, 4*d - 13 = 2*d - o. Let x(w) = -d*w - 3*w + 13*w. Give x(-3).
-3
Let m(y) = y**3 - 4*y**2 + 3*y - 2. Let i = -24 + 49. Let c = -24 + i. Let j be c/(((-1)/(-3))/1). Give m(j).
-2
Let n be -45*((-24)/(-15) - 2). Suppose 14*d - 12 = n*d. Let t(m) be the third derivative of m**4/12 - m**3/6 - 3*m**2. What is t(d)?
-7
Let b(p) = 2*p. Let a = -1152 + 1152. Let j be (0 + -1)/(-2)*8. Suppose -2*h + a = j. What is b(h)?
-4
Let l be ((-2)/4)/((-222)/36 - -6). Let z(a) be the second derivative of -5/12*a**4 + 1/2*a**2 + 1/20*a**5 - l*a + 0 + 2/3*a**3. What is z(3)?
-5
Let s(y) = -y**2 - 9*y - 12. Suppose -2*i - 4*c + 4 = 0, 2*c = i - 4*i + 2. Suppose -2*q - q - 24 = i. Calculate s(q).
-4
Let a(b) = 2*b**2 - b. Suppose 102*k - 108*k = -6. Give a(k).
1
Let c be (-8 - -6)/(1*(-2 + 0)). Let b(a) = a + 1. Let f(t) = -16*t - 4. Let k(v) = -4*b(v) - f(v). Determine k(c).
12
Let s(x) = -7*x**2 + 4*x - 6. Let g(v) = -11*v**2 + 3*v - 6. Let i(r) = 2*g(r) - 3*s(r). Determine i(-7).
-1
Let n = -5 - -8. Let p(v) = 2*v**2 - v + 1. Let s(y) = -y**2 - 1. Let j(f) = n*p(f) + 4*s(f). Let t = 34585 + -34582. What is j(t)?
8
Let d(q) = 4*q + 3. Suppose -5*g - 20 = 0, 18*g + 18 = -2*a + 13*g. Calculate d(a).
7
Let t(n) = -n**3 - 10*n**2 - 16*n + 4. Suppose -40 = 3*k + 2*k. Let m be t(k). Let b be m/1 - (9 + -11). Let q(c) = -c**2 + 6*c - 4. Calculate q(b).
-4
Suppose 0*s = s - 5. Suppose -s*l + 9 = -1. Let n(m) = m**2 - 2*m + 1. Let f(x) = -x**2 + 3*x - 2. Let q(j) = l*f(j) + 3*n(j). Give q(2).
3
Let n(s) = s**2 - 5*s + 2. Suppose 2*z - 3*t - 7 - 11 = 0, z = -4*t - 2. Calculate n(z).
8
Let n(h) be the first derivative of h**3/3 - h**2/2 - h + 1. Let f be n(1). Let z(q) = 590*q + 1 - 589*q - 2*q**2 + 0*q**2. What is z(f)?
-2
Let r(k) = -k + 1. Let o be r(4). Let y = -1 - o. Let b(z) = 2*z - 17*z**2 - 9*z**2 - z + 8*z**y. What is b(-1)?
-19
Let c(l) be the third derivative of 0 + 1/6*l**4 - 8*l**2 + 0*l + 1/6*l**3. Determine c(-1).
-3
Let p(n) be the first derivative of -n + 7 + 3/2*n**2. Determine p(3).
8
Suppose 83 = 4*f + 55. Let v(d) = d**3 - 6*d**2 - 8*d + 3. Give v(f).
-4
Let q(f) = -f**3 - 7*f**2 - 7*f - 1. Let y = -98 + 95. Let v(n) = n**2 + n - 1. Let r(i) = y*v(i) - q(i). Determine r(-3).
1
Suppose -4*x + 25 = x. Let j(s) be the first derivative of -s**2 + s + 43. What is j(x)?
-9
Suppose -5*o - 49 + 124 = 0. Let m be 6/39 + 306/39. Let f = m - o. Let u(i) = i**3 + 6*i**2 - 9*i - 7. Calculate u(f).
7
Let j(q) = -25*q - 19. Let p(b) = 4*b + 3. Let h(x) = -6*j(x) - 39*p(x). Let n(v) = v**3 + 11*v**2 - 14*v - 28. Let d be n(-12). Calculate h(d).
21
Let k be 4 + 0*((-21)/6)/(-7). Let r(t) = -t - 1. Calculate r(k).
-5
Let g(v) = -14923 + 14921 - 8*v + 0*v**2 - v**2. What is g(-7)?
5
Let v(h) = -h**3 - 2*h**2 + 2*h + 3. Let w be 1*(-3)/(-3) + 0. Let l = w + 10. Suppose 5*c = -2*z - 19, -4*c - 3 = z + l. Calculate v(z).
-1
Let i(k) be the second derivative of 17*k + 7*k**2 + 0 - 1/6*k**3 + 1/12*k**4 - 1/20*k**5. Calculate i(0).
14
Let d(v) = 2*v + 1502 - 1498 - 2*v + v**2. Calculate d(-3).
13
Let z = -7 - -14. Let v be (-3)/(-9) + z/(-3). Let p(l) be the second derivative of -l**4/6 - 13*l. What is p(v)?
-8
Let r(n) = n**2 - 7*n + 1. Suppose 0 = -5*o + 5*j + 55, -2*o - j = 7 - 17. Determine r(o).
1
Let v(y) = -4*y - 1. Let n be v(-1). Let d(g) = 7*g**2 - 3 + 2 - 177*g + g**n + 182*g. Give d(-6).
5
Suppose -2*s - 8*j - 23 = -9*j, -4*s - 5*j - 39 = 0. Let a(q) = -q - 7. Determine a(s).
4
Let n(w) = -w - 4. Let b(t) = t**2 - 59*t + 847. Let v be b(24). Let k = 99 + -61. Suppose v*j - 10 = -k. Determine n(j).
0
Let n(j) = 2*j - 5. Let w = 229 + -226. Calculate n(w).
1
Let i = 19 + -14. Suppose 2*t - 5 = -3*h, -5*h + 10 + 15 = -i*t. Let p(b) = -7*b - 3. Let w(o) = -o - 1. Let c(x) = -p(x) + 6*w(x). Determine c(h).
0
Let z = -643 + 637. Let m(l) = l**2 + 4*l - 3. What is m(z)?
9
Let c(i) = 3*i + 6. Let g(f) = -7*f - 21. Let k(n) = -7*c(n) - 2*g(n). Calculate k(5).
-35
Let g(n) = -7*n + 7. Let x(f) = -10*f + 11. Let r(h) = 7*g(h) - 5*x(h). Let w = 16 - 14. Let k be 152/32 - w/(-8). Calculate r(k).
-1
Suppose -4 - 21 = 5*x. Let z = -10 + 14. Let k(o) = z*o + 2*o**2 + 7 - 3*o**2 - 6*o. What is k(x)?
-8
Let o(h) = 4*h**2 - 2*h + 3. Let x(t) = 9*t**2 - 4*t - t + t + 7. Let b = 780 + -785. Let a(y) = b*o(y) + 2*x(y). Give a(2).
-5
Let b(r) = -r**3 - 7*r**2 - 2*r - 9. Let j(l) = -11*l - 13 + 4*l + 6*l. Let a be j(-15). Suppose g + a*u + 17 = 0, 4*g = -u - u - 38. What is b(g)?
5
Let o(p) = 19*p**2 + 1. Let s = 61 + -121. Let q = 61 + s. Calculate o(q).
20
Suppose 3*j - 5 = 2*j. Let z(w) be the third derivative of 0 + 0*w + 2/3*w**3 + 2*w**2 - 1/120*w**6 - 7/24*w**4 + 1/10*w**5. Calculate z(j).
-6
Let c be ((-160)/(-48) + 8/(-6))*1. Let d(g) = 2*g**3 - 2*g**2 - 3*g + 4. What is d(c)?
6
Suppose 9*r + 74 + 7 = 4*z, 0 = -3*r + z - 27. Let b(w) = 3*w + 3. What is b(r)?
-24
Let o(b) = 74*b - 144. Let s be o(2). Let w(d) = -d + 15. What is w(s)?
11
Let h(y) = 7*y - 22 - 17 + 34 - 9*y - 18. Give h(-10).
-3
Let f(a) = 6*a - 64. Let y(x) = 3*x - 36. Let d(z) = -4*f(z) + 7*y(z). Let v = 18 + -11. Let h = 12 - v. Calculate d(h).
-11
Let v(z) be the third derivative of -1/12*z**5 - 1/120*z**6 - 10*z**2 + 0 - 5/24*z**4 - 5/6*z**3 + 0*z. Let l be (-6 - 0)*(-2)/(-3). Calculate v(l).
-1
Let k(f) be the second derivative of -1/3*f**4 - 7*f - 1/3*f**3 - 1/20*f**5 - 3/2*f**2 + 0. Give k(-4).
5
Let d(y) = 2*y**3 - y. Suppose -3*n - 3*i = 2*i - 22, 0 = -2*n + 5*i + 23. Let p = n + -15. Let v be (-3)/(2 + (p - -1)). Calculate d(v).
1
Let x(u) = 0 - 5 + 1 - u. Suppose 0 = 2*a + d + 2*d + 64, 5*a = -2*d - 160. Let m = a + 27. Calculate x(m).
1
Suppose 3*h + 171 - 177 = 0. Let v(t) = 7*t - t**h - 11 + 6 - 4. Calculate v(6).
-3
Let q(x) = -x**2 + 6*x - 9. Let d be q(6). Let u be (-4)/(-2) + (-9 - d). Let n(s) = s**2 - 2 + 2*s + u*s - 2*s + 2*s. Give n(-6).
10
Let z(y) = -y**3 + 13*y**2 - 13*y + 5. Suppose -2*l + 4*j + 20 = 0, -l - l - j = -25. What is z(l)?
-7
Suppose -15 = 32*y - 239. Let j(p) be the first derivative of -p**3/3 + 4*p**2 + 5*p + 10. Calculate j(y).
12
Let p(b) be the first derivative of -b**2 - 9*b + 380. Let q = 12 - 18. Give p(q).
3
Let g(b) = -3*b - 8 + 7 + 6 + 7. Calculate g(5).
-3
Let d(n) = -n**2 - 7*n - 6. Suppose 3*u = 5*s - 14, -2*s + 3 = u - 7. Let c = 4 - u. Suppose 8 = -4*r + c*r. Calculate d(r).
6
Let u(w) = 2*w**3 + w**2 - w - 4. Let v(g) = g**3 - 4. Let d(t) = 2*u(t) - 3*v(t). Let r = 1 + -1. Let m be r/(2 - 0) + -3. Calculate d(m).
1
Let i(v) = v + 9. Let c be i(-7). Suppose 4*d = -2*f - 12, -d + 6*d = c*f - 6